3
Calculate the highest common divisor of 1661 and 1510.
151
Calculate the highest common factor of 31 and 206088.
31
What is the highest common factor of 856164 and 12?
12
What is the highest common factor of 65 and 24205?
5
Calculate the greatest common factor of 3681405 and 403.
403
Calculate the greatest common divisor of 467652 and 24.
12
What is the highest common factor of 432217 and 603?
67
Calculate the greatest common factor of 1566 and 58374.
54
Calculate the highest common factor of 165 and 9504.
33
What is the greatest common divisor of 38 and 173945?
19
Calculate the greatest common factor of 6438 and 696.
174
What is the highest common factor of 22 and 8594?
2
Calculate the greatest common divisor of 2527 and 57.
19
Calculate the highest common factor of 29456 and 112.
112
Calculate the highest common divisor of 1218 and 44979.
87
What is the highest common factor of 13050 and 144?
18
What is the highest common factor of 3 and 76863?
3
What is the highest common divisor of 42 and 100898?
14
Calculate the highest common factor of 42 and 17654.
14
Calculate the highest common factor of 68487 and 555.
111
Calculate the greatest common divisor of 1671024 and 24.
24
What is the highest common factor of 316803 and 9?
3
Calculate the greatest common factor of 264 and 3000.
24
Calculate the highest common factor of 25428 and 6942.
78
Calculate the greatest common factor of 61964 and 84.
28
What is the greatest common divisor of 198 and 7761699?
99
Calculate the greatest common factor of 3944 and 31756.
68
What is the highest common divisor of 400 and 65808?
16
Calculate the greatest common factor of 18 and 91782.
18
What is the greatest common factor of 11523 and 828?
69
Calculate the greatest common divisor of 217 and 179893.
217
What is the greatest common divisor of 94 and 13254?
94
Calculate the greatest common divisor of 126203 and 7301.
1043
Calculate the greatest common factor of 208 and 210054.
26
What is the greatest common divisor of 57948 and 11?
11
Calculate the highest common factor of 8321 and 159.
53
Calculate the greatest common factor of 52773 and 441.
147
What is the greatest common divisor of 4794914 and 142?
142
Calculate the greatest common factor of 1371136 and 2912.
416
What is the highest common factor of 315 and 2025?
45
Calculate the greatest common factor of 80 and 9260.
20
Calculate the highest common factor of 163 and 1361376.
163
What is the greatest common factor of 885 and 2343657?
177
What is the highest common divisor of 30 and 8710?
10
What is the highest common factor of 1378204 and 2032?
508
What is the greatest common divisor of 53 and 31747?
53
What is the highest common factor of 1526 and 358174?
218
What is the highest common factor of 1241379 and 3726?
621
Calculate the greatest common divisor of 1004 and 5004.
4
What is the highest common factor of 3321 and 3024?
27
Calculate the highest common divisor of 199788 and 12.
12
What is the highest common factor of 91 and 77766?
13
What is the highest common factor of 20 and 1043?
1
Calculate the greatest common divisor of 1938072 and 6.
6
What is the highest common divisor of 24999 and 221?
13
What is the highest common divisor of 128 and 2360704?
128
Calculate the greatest common divisor of 5800 and 2700.
100
Calculate the highest common divisor of 6840 and 424.
8
What is the greatest common factor of 680 and 726680?
40
Calculate the greatest common factor of 190 and 795112.
38
Calculate the highest common factor of 13433177 and 29.
29
Calculate the greatest common divisor of 1300 and 3967600.
1300
Calculate the greatest common divisor of 565239 and 29.
29
Calculate the greatest common divisor of 32 and 605744.
16
Calculate the greatest common factor of 8262 and 6494.
34
Calculate the highest common divisor of 112 and 50120.
56
What is the greatest common divisor of 132 and 197076?
132
What is the highest common divisor of 1767 and 58962?
93
Calculate the highest common factor of 8 and 36532.
4
What is the highest common divisor of 15159 and 483?
3
Calculate the greatest common divisor of 63 and 68418.
63
Calculate the greatest common factor of 10 and 6176.
2
Calculate the highest common divisor of 1209 and 14664.
39
Calculate the highest common factor of 452 and 258092.
452
What is the greatest common factor of 205 and 206722?
41
What is the greatest common factor of 21189 and 294?
21
Calculate the highest common divisor of 388955 and 665.
35
Calculate the highest common divisor of 108 and 200.
4
Calculate the greatest common divisor of 17 and 22729.
17
Calculate the greatest common divisor of 32544 and 2304.
288
What is the highest common factor of 277 and 13746679?
277
Calculate the greatest common factor of 2162 and 193660.
46
Calculate the greatest common divisor of 82860 and 1800.
60
What is the highest common divisor of 5560 and 5282?
278
What is the greatest common factor of 4740 and 5?
5
Calculate the highest common factor of 632375 and 100.
25
What is the highest common factor of 234684 and 53?
53
Calculate the greatest common factor of 768625 and 5005.
715
Calculate the highest common divisor of 40804 and 8686.
202
Calculate the greatest common divisor of 27 and 225009.
9
Calculate the greatest common divisor of 510895 and 1155.
385
Calculate the highest common factor of 72 and 81144.
72
What is the highest common factor of 38420 and 1808?
452
Calculate the highest common factor of 114 and 23218.
38
Calculate the greatest common divisor of 27 and 198441.
9
What is the greatest common factor of 78 and 99255?
39
Calculate the greatest common divisor of 155796 and 852.
12
What is the greatest common factor of 91342 and 1962?
218
What is the highest common factor of 606970 and 26?
26
Calculate the greatest common factor of 1679 and 92.
23
What is the greatest common factor of 115 and 1894027?
23
What is the greatest common divisor of 2461702 and 578?
578
What is the greatest common factor of 5983680 and 2880?
960
Calculate the greatest common factor of 1966085 and 55.
55
What is the highest common divisor of 382340 and 420?
140
What is the greatest common divisor of 1001 and 105820?
143
What is the greatest common divisor of 83490 and 121?
121
Calculate the greatest common divisor of 107630 and 1.
1
What is the greatest common divisor of 35315 and 27243?
1009
What is the highest common divisor of 52 and 687?
1
What is the greatest common divisor of 2311 and 3?
1
What is the greatest common factor of 5170 and 560?
10
What is the highest common divisor of 1105 and 3978?
221
Calculate the highest common divisor of 8 and 8312.
8
What is the highest common divisor of 446660 and 20?
20
Calculate the greatest common divisor of 26624 and 1344.
64
Calculate the greatest common divisor of 2128730 and 10.
10
What is the greatest common divisor of 11359 and 921?
307
What is the greatest common divisor of 4840 and 5940?
220
Calculate the highest common factor of 819 and 29393.
91
What is the highest common divisor of 834 and 12?
6
What is the highest common divisor of 64422 and 162?
54
Calculate the highest common divisor of 21630 and 30.
30
What is the highest common factor of 80 and 13520?
80
Calculate the greatest common divisor of 18 and 233820.
18
Calculate the greatest common divisor of 2151 and 366148.
239
Calculate the highest common divisor of 32 and 7720096.
32
Calculate the highest common divisor of 2414 and 30672.
142
What is the highest common factor of 11328 and 848?
16
Calculate the highest common factor of 22902 and 726.
66
What is the greatest common divisor of 13712 and 80?
16
What is the highest common factor of 213252 and 13?
13
What is the greatest common divisor of 5800 and 470?
10
Calculate the highest common factor of 231933 and 273.
39
What is the greatest common divisor of 18 and 105606?
18
Calculate the greatest common divisor of 98171 and 1778.
127
Calculate the highest common divisor of 15884703 and 171.
171
What is the greatest common factor of 124009 and 269?
269
Calculate the highest common factor of 26720 and 7682.
334
Calculate the highest common factor of 2232 and 20584.
248
What is the greatest common divisor of 2488 and 3208?
8
Calculate the highest common divisor of 1540 and 1760990.
770
Calculate the highest co